+ 7*f - 21. Let d be m(-10). Let k(a) = a**3 - 8*a**2 - 9*a - 9. Determine k(d).
-9
Let h be (17/(-340))/((-5)/50). Let x(y) be the first derivative of -8 + h*y**2 - 4/3*y**3 - 2*y + 1/4*y**4. Determine x(2).
-8
Let m(s) = -9*s + 1. Let d(v) = v**3 + 25*v**2 + v + 26. Let h be d(-25). Calculate m(h).
-8
Let c be 2/3 + 20/(-3). Let j(q) = -7*q**3 - 4*q - 8*q + 19 - 2*q + 10*q**2. Let y(s) = -3*s**3 + 5*s**2 - 7*s + 9. Let t(v) = -4*j(v) + 9*y(v). What is t(c)?
11
Let q(y) = -y**2 - 5*y - 2. Let s be (-1 - (-3)/2)/((-1)/(-2)). Suppose 0*a - 2*a - 4*o = 4, 5*a + 4*o = 2. Let t be 3/((-1 - s)/a). What is q(t)?
4
Let i(t) = -5*t - 2. Let v(o) = o. Let n(b) = 3*b - 1. Let q(u) = -2*n(u) + 10*v(u). Let x(m) = 3*i(m) + 4*q(m). Let c = -746 + 749. Calculate x(c).
5
Let c(j) = j**3 + 10*j**2 + j + 13. Let v = -57 - -59. Suppose -10*m + v*m - 80 = 0. Determine c(m).
3
Let q(k) = -k**3 - 19*k**2 - 19*k - 16. Suppose 0 = -2*y - 29 - 7. Let j be q(y). Let c(l) = 2*l**3 - 2*l**2 - 2*l + 2. Calculate c(j).
6
Let u = -10 - -12. Suppose 4 = -5*i + 14. Let l(h) = u*h + h**i - 11 + 6 + 5. Give l(-2).
0
Suppose -20 = -o - 1. Let y = -12 + o. Let z(l) = l**2 + 2*l - 6*l + y - l**3 + 3*l. What is z(0)?
7
Suppose 5*j - 5 - 10 = 0. Let h(w) = 4 + w**2 - 5 + 3*w - 9*w + j. What is h(4)?
-6
Let h be 108/72*10/(-3). Let z(d) = -d + 2. Calculate z(h).
7
Let u(i) = 4*i - 2. Let z be u(2). Let p = -12 + 19. Let l(f) = p*f**2 + 5*f**3 - 4*f + 2*f**3 - 8*f**3 - 8. Determine l(z).
4
Suppose 2*v - 3*r = 35, 0 = -5*v - r + 62 + 17. Let q = v + -10. Suppose -2*g = g - q. Let i(s) = -2*s**3 + 3*s**2 - 2*s + 1. Determine i(g).
-7
Let g(l) be the first derivative of 15*l**2/2 - 7*l - 48. Let c(q) = 8*q - 4. Let k(b) = 5*c(b) - 3*g(b). What is k(2)?
-9
Let q(v) = 7*v**2 - 20*v - 9. Let i(b) = b**2 - 5*b - 2. Let c(a) = -5*i(a) + q(a). Determine c(-3).
4
Let v(p) be the second derivative of -2*p**3/3 + 25*p**2/2 + 427*p. Give v(4).
9
Let u(l) = -l**3 - l**2 - 2*l + 1. Let a be 2/(12/18*1). Let d be (-17)/34 + a/(-2). Determine u(d).
9
Suppose -3*d + 23 + 49 = 0. Suppose -d + 0 = -4*t. Suppose t*g + 18 = 3*g. Let x(f) = f**3 + 7*f**2 + 6*f + 3. Calculate x(g).
3
Let g(n) = n**3 - 3*n**2 - n + 2. Let q(f) = 3*f**3 - 8*f**2 - 3*f + 6. Let z(t) = 11*g(t) - 4*q(t). Let c be 80/(-100)*(-1 + (-21)/(-6)). Determine z(c).
0
Let f(z) be the third derivative of -11/6*z**3 - 1/120*z**5 + 0*z + 10*z**2 + 0 - 1/3*z**4. Let n(r) be the first derivative of f(r). Give n(-4).
-4
Suppose 3*p - 56 = 3*n + 8*p, 3*p = -n - 12. Let x = -85 + 60. Let l = n - x. Let y(z) = -2*z**2 - 2. Determine y(l).
-10
Let m(k) be the second derivative of -k**5/20 + k**4/12 - k**3/6 + k**2 - 16*k + 4. Suppose 2*q + 4*z - 20 = 0, 0*q + 4*q - z - 4 = 0. Give m(q).
-4
Let x(f) = -f**3 - 4*f**2 + 5*f - 4. Suppose 4*s - i - 80 + 35 = 0, 4*s - 25 = -3*i. Let k = -15 + s. Give x(k).
-4
Let i(q) = -q + 3. Let m(k) = 1. Let r(s) = -i(s) + 5*m(s). Let h = -863 + 858. What is r(h)?
-3
Let n(d) = d**3 - d + 2. Suppose 2*k - 4*w = 8, 6 = -3*k + w + 3. Let f be k/(-7) + (-3)/(-14)*8. What is n(f)?
8
Let d(i) = i**2 - 12*i + 6. Suppose -302 + 260 = -6*k. Give d(k).
-29
Let g(l) = l**2 + l. Let s = 13 - 12. Suppose -s + 33 = -8*h. Give g(h).
12
Let r(b) = -2*b + 6. Let t(w) be the first derivative of 3*w**2 + 59*w + 34. Let g be t(-9). Calculate r(g).
-4
Let j(d) = 13*d - 4. Let z(c) = 27*c - 11. Let g(h) = 5*j(h) - 2*z(h). Calculate g(-2).
-20
Suppose 5*v + 22 = 3*d, 5*v + 14 + 9 = 2*d. Let s(o) = 215 + 10*o - 3*o + 219 + o**2 + 0*o - 433. Give s(v).
-9
Let a(j) = -124 - 4*j - 3*j + 4*j + 102. Calculate a(-9).
5
Let n(j) = j**2 - 12*j - 28. Let u be ((-14)/(-5))/(15/75). Let f be n(u). Let v(g) = -g**2 + g + 12. Give v(f).
12
Let f(l) be the third derivative of -l**5/6 + l**3/6 + 18*l**2 + 2*l. Calculate f(-1).
-9
Suppose -118*b - 112 = -110*b. Let z(o) = -o - 13. Give z(b).
1
Suppose 3*m + q - 3*q = 667, q + 2 = 0. Let a be (-4)/(-30) - m/195. Let z(l) = -10*l + 1. What is z(a)?
11
Let v = -5 - -5. Suppose 0 = -3*n - v*n + 9. Let y(x) = -2*x - 10 + 14 - 4*x. Calculate y(n).
-14
Let y(c) = c + 6. Let l(b) = b**3 + b. Let g(j) = 3*j**3 + 4*j + 8. Let n(v) = -g(v) + 4*l(v). Let o be n(0). Determine y(o).
-2
Let h(j) = 0 - 92*j - 99*j - 6 + 188*j. What is h(-6)?
12
Let q = -46 - -39. Let c(u) be the third derivative of u**4/12 + 4*u**3/3 - 17*u**2. Calculate c(q).
-6
Let h be 3/((-9)/12) + 20. Suppose -84*z + 88*z - h = 0. Let d(u) = -u**2 + 1. Let o(j) = 3*j**2 + 5*j - 9. Let v(a) = -4*d(a) - o(a). Calculate v(z).
1
Let r(v) = -6*v**2 + 8*v + 7*v + v**3 + 19*v**2 - 16 - 2*v**3. What is r(14)?
-2
Let f be (12/16)/(1/8). Let k be 11 + -12 - -1*f. Let u(v) = -2*v + 4. Calculate u(k).
-6
Let n(a) = 130*a - 8185. Let q be n(63). Let y(h) = -2*h - 1. Let f(u) = -4*u - 2. Let t(o) = -6*f(o) + 13*y(o). Give t(q).
-11
Suppose -19*t = 74 + 21. Let n(l) = l**3 + 4*l**2 - 3*l - 6. What is n(t)?
-16
Let d be -1 - 35/(2 - 9). Let x(s) = -2*s + 4. What is x(d)?
-4
Suppose -2*c = 4*k, 2*c - k - 5 - 5 = 0. Suppose -4*m + y + 5 = -8, 2*y = c*m - 14. Let o(x) = x**2 - 5 - 3*x - m + 3. Calculate o(4).
-1
Let g = 824 - 828. Let v(r) = -6*r - 4. Give v(g).
20
Suppose 0 = -2*j + 16 + 2. Let f(w) = 6 - 741*w**3 + 2222*w**3 - 740*w**3 + 10*w**2 - 9*w - 742*w**3. Determine f(j).
6
Let t(q) = 2*q**3 - 3*q + 2. Suppose a - 60 = -3*a. Suppose 15 = 3*p + b + 2, a = 3*p + 3*b. Suppose 7*i - p*i = 6. Give t(i).
12
Let z(g) = 34*g - 44. Let u(n) = -22*n + 32. Let s(y) = 8*u(y) + 5*z(y). What is s(6)?
0
Suppose 5 - 2 = -3*p. Let k(d) be the first derivative of d**3/3 - 21*d + 129. Let j(t) = -1. Let u(x) = p*k(x) + 5*j(x). Determine u(0).
16
Suppose -5*n = 5*z - 40, 4*z + 0*n = 5*n + 59. Suppose 0 = -z*f - 5 - 6. Let i(k) = -8*k + 0*k + 0*k. Give i(f).
8
Let z(u) = 7*u + 20. Let q(d) = 24*d + 72. Let t(k) = -5*q(k) + 18*z(k). Determine t(-6).
-36
Let r(i) be the first derivative of -3*i**2 - 2*i - 1/3*i**3 + 2. Let z be (-92)/16 - (-1)/(-4). Give r(z).
-2
Suppose -2*x - 4*o - 2 = x, 4*o = 5*x - 18. Suppose 0 = -x*k + 3 - 21. Let s(r) = -r**2 - 9*r + 7. Determine s(k).
7
Let g(q) = 2*q**3 + 14*q**2 + 9*q + 5. Let n(d) = -d**3 - 7*d**2 - 4*d - 3. Let y(z) = -3*g(z) - 7*n(z). What is y(-7)?
-1
Suppose -4*o = -2*p + 18, 4*p = -3*o - 5 + 8. Suppose 0 = -2*k + h, -6 = p*k - h - 4. Let t be 0 + (1 - 1) + k. Let i(m) = -3*m**2 - 2*m + 2. Calculate i(t).
-6
Let s(v) be the first derivative of v**2 + 4*v + 177. Let x = -3 + -2. Give s(x).
-6
Let k(q) = 2*q**2 + 21*q - 16. Let i(n) = 2*n**2 + 25*n - 17. Let u(s) = 3*i(s) - 4*k(s). Calculate u(-6).
-5
Let z = -115 + 111. Let h(q) = q**3 + 6*q**2 - 2. Determine h(z).
30
Let d(k) = k**2 + 8*k + 6. Let x = 30 - 15. Let o be -7 - 85/(-12 + 7). Let w = o - x. Give d(w).
-9
Let w be (10 + 4)*1/(-2). Let p(t) = -t + 6. Calculate p(w).
13
Let n(l) = -l**2 + l + 5. Suppose 106 - 76 = 10*t. What is n(t)?
-1
Let n be (-14 - -11)/((-3)/2). Let k(h) = 3*h - 3 - h**2 + 2*h**2 - h**3 + h**n - 4*h**2. Let r = -24 - -21. Calculate k(r).
-3
Suppose -33 + 0 = -11*r. Let m(x) = x**3 - 2*x**2 - 5*x + 2. Calculate m(r).
-4
Let u(l) be the first derivative of -2*l**3/3 + 7*l**2 + l + 133. Calculate u(7).
1
Let k = -23 - -26. Let c(b) = 1 + k*b - 2 + 2. Calculate c(-3).
-8
Let f(x) be the second derivative of x**5/120 - x**4 + 17*x**3/3 + 20*x. Let d(t) be the second derivative of f(t). Calculate d(0).
-24
Let t(w) = 2*w**3 + w**2 - w. Let u be t(1). Let a(o) = -20*o + 17. Let l be (36/(-8) - -4)*-34. Let k(v) = -7*v + 6. Let y(s) = l*k(s) - 6*a(s). Give y(u).
2
Suppose 6*w - 1 = -13. Let p = w - -3. Let l(q) = 5*q**2 + 0*q**2 + p - 4*q**2 + 5*q. What is l(-4)?
-3
Let o(m) = m**2 - 6*m + 3. Let r be o(4). Let b = r + 9. Suppose b*k - 5 = -k. Let x(a) = 2*a - 1. Give x(k).
1
Let c(m) = 8*m**2 - m**3 - m**2 + 7 + 0*m**3 + 0*m**3 + m - 14. Calculate c(6).
35
Let u(f) = f**3 + 6*f**2 + 2. Let p be u(-6). Let y = 2 - 2. Let j(r) = -p - 2*r + 3*r - 3 + y. Determine j(5).
0
Let h(b) = -6*b + 1 - 20*b**2 + 28*b**2 - b**3 - 3 - 8. Calculate h(7).
-3
Let o(x) = 6*x + 3. Let i be 3/(-6) + 3/6. Suppose 3*k + 3*p - 3 = 0, -5*k + i*p - 19 = -3*p. Calculate o(k).
-9
Let b(v) = -v**2 - 10*v - 9. Let x = -61 + 55. Determine b(x).
15
Let p be 0/(3/(15/(-10))). Let t(h) =